 What is a(u)?
3
Let b(u) = -13*u**3 - u + 1. Let q = 850 + -1175. Let m = 326 + q. What is b(m)?
-13
Let d be -2*3*2/(-3). Suppose 413*y - 415*y = -4. Let w(p) = 6*p**y + 5*p**3 - 2*p - 5*p**3 - 5 - 3*p**3 - 2*p + 2*p**3. Determine w(d).
11
Let v(k) = 36 + 56 + 67 + 76 - 176 + 12*k. Calculate v(-7).
-25
Let o(a) = 90*a**2 - 34*a + 12. Let r(l) = 8*l**2 - 3*l + 1. Let m(k) = -3*o(k) + 34*r(k). Give m(-1).
0
Let o be (-6)/21 + (-72)/(-252). Let c(y) = -2*y**2 + 2*y + 19. Give c(o).
19
Let d(c) = -c + 8. Suppose 5*z - 13*h + 15*h = 41, -5*h + 8 = -z. Suppose 0 = -z*r + 21*r - 98. Give d(r).
1
Suppose 0 = -1197*c + 1204*c - 168. Let q(x) = 7*x - 175. Let l be q(c). Let d(h) = -h**3 - 6*h**2 + 8*h - 5. Give d(l).
-12
Let j(x) be the third derivative of 0 - 5*x + 7/24*x**4 - 2/3*x**3 - 6*x**2. Give j(3).
17
Let p(h) = -597*h + 11938. Let s be p(20). Let q(v) = 3*v**2 - v + 2. Determine q(s).
16
Let t(q) = 2*q - 1. Let j be t(2). Let i be ((-8)/(4 + 0))/(50/(-75)). Let o(l) = 9*l + j*l**2 - i - 11 + 12 - 4*l**2. What is o(7)?
12
Let u(w) = 3*w**2 + 9*w + w**2 - 4*w**2 - 5 + 4*w**2. Let q(m) = -m**2. Let z(y) = 5*q(y) + u(y). Let l be (10/(-14))/((-495)/35 - -14). Give z(l).
15
Let s(d) be the third derivative of -d**6/120 - d**4/24 - 3*d**3/2 + 8*d**2 - 62. Determine s(0).
-9
Let w(k) = k**2 + 86*k + 401. Let l(u) = -1085*u - 7600. Let m be l(-7). Determine w(m).
-4
Suppose -2*p + 6 = 4. Let g(m) = -5*m - 4. Let f(w) = -1. Let x(l) = p*g(l) - 5*f(l). Suppose -16*r + 10 = -22. What is x(r)?
-9
Let k(n) = -2*n - 7. Let l be (-1352)/338 - (2 - -1). What is k(l)?
7
Let l(o) = -o**3 - 5*o**2 - 2*o + 2. Let p be (-1 - 1) + (-2 - -4). Suppose p = 3*y - 11 + 2. Let d be 2/(3/(-18) + (-1)/y). Determine l(d).
-6
Let q(z) = -8 - 249*z**2 - 25 + 126*z**2 - 6*z + 124*z**2 - 20. Determine q(10).
-13
Let b = -7 + -1. Let z(r) = 4*r - 2*r**2 - 3 + 2*r + 2*r**2 + 9*r**2 + 5*r - 7*r**2. Give z(b).
37
Let c = -253 - -259. Let v(q) = 67 - c*q - 62 - 2*q + 2*q. Give v(5).
-25
Let q(u) = 17*u + 10*u**2 - u**3 + 11*u**2 - 8*u**2 - 8*u + 9. Let m(j) = j. Let r(t) = 4*m(t) + q(t). What is r(14)?
-5
Suppose 15 = 4*o + o. Let y(f) = -o*f + 0 + 2*f + 1. Let z be (-9 - ((-1 - -1) + (-73 - -63)))*0. Give y(z).
1
Let c be (50/(-15))/((-4)/6). Suppose c*a = 11 + 4. Let u(v) be the second derivative of -v**5/20 + 5*v**4/12 - v**3/6 - 2*v**2 + 8*v - 126. Determine u(a).
11
Let z(f) = f**3 + 3*f**2 - 8*f - 6. Suppose -4*p - 14 = -3*q, 30*q = 31*q + 4*p + 6. Suppose -10*u + 4*t + 37 = -15*u, -t + q = -u. Calculate z(u).
-16
Let h be 4*15/(-10) - (-37 - -37). Let q(d) = 0 + 0*d**2 + 6*d - 2 + d**2 - 3. Give q(h).
-5
Let p(o) be the first derivative of -5*o**2/2 - o - 2. Let k = 116 - 97. Suppose -k*t + 6 = -17*t - 4*w, 3*t - 1 = 2*w. What is p(t)?
4
Let h(v) = -v**3 - 11*v**2 - 1. Let p be h(-11). Let s be (-208)/(-28) - 3/7. Let r(x) = -x - s + x - 2*x + 6. Give r(p).
1
Let x(i) = 615 - 222 - 226 - 209 - 2*i. Give x(-11).
-20
Let x(m) = -5*m - 20. Let w(d) = 47*d + 184. Let i(q) = -2*w(q) - 19*x(q). Let t(k) = k**2 + 10*k - 9. Let u be t(-10). What is i(u)?
3
Let t(d) = 3*d**3 + 4*d**2 + 3*d + 3. Suppose -2*w - 6 = w. Let k(g) = -30 + 4*g**2 + 37 + 7*g**3 + 7*g + 3*g**2. Let v(i) = w*k(i) + 5*t(i). Calculate v(-6).
-5
Let k be ((-948)/(-48))/((-1 + 2)/4). Let n = k + -51. Suppose -7 = 7*l + n. Let a(g) = g**2 + 2*g - 2. What is a(l)?
13
Let t(z) = 3*z**2 - 2*z. Suppose 14*b = 11*b + 33. Let p = 13 - b. Suppose -4*j + 2 = n - 2*j, -p = -n + 5*j. Give t(n).
8
Suppose 20 = -3*z - 25. Let p be (-14 - z) + 2*-3. Let a(g) = 7*g**2 - 9*g - 15. Let k(y) = 10*y**2 - 13*y - 22. Let x(u) = p*k(u) + 7*a(u). Determine x(5).
-10
Let k(x) = 4*x. Let q(h) = -8*h + 52. Let z(o) = -2*k(o) + q(o). Let g be z(3). Let b(l) = l - 4. Determine b(g).
0
Suppose 4*g = 11 + 5. Let j be g - (-4 + 0 + 14). Let u be 43/j + 18/108. Let m(p) = p**2 + 7*p - 3. Calculate m(u).
-3
Let p(b) = -b**2 + 6*b + 1. Let s(c) = 8*c + 25 - 2 - 4*c. Let h(m) = 4*m**2 - 110*m + 49. Let y be h(27). Let n be s(y). What is p(n)?
10
Let g(a) = -4*a + 3*a - 7*a + 686 + a - 758. Give g(-9).
-9
Let s(o) = -8*o - 120. Let b(m) = m**2 + 131*m + 615. Let k be b(-5). Give s(k).
0
Let t(c) = -5*c + 15540 + 15496 - 30954. What is t(14)?
12
Let o(a) = -15 - 2621*a + 1306*a + 86 + 1316*a. Calculate o(-23).
48
Let c(b) = -262*b + 1835. Let q be c(7). Let v(m) = 11*m**2 + 4*m - 2. Determine v(q).
13
Suppose 4*g + 9 + 3 = 0, -2*n + 11 = -g. Let i(h) = 2 + 9 + n - 4*h - 20. Determine i(-2).
3
Let c(n) = -5*n + 67. Let b be (-36)/(-10)*9/((-324)/(-120)). Let h be c(b). Let t(q) = -q + 2. Give t(h).
-5
Let l(b) = 283*b**2 + 4545*b + 275. Let v be l(-16). Let r(a) be the third derivative of -5*a**4/24 + a**3 - a**2. Calculate r(v).
-9
Let g(u) = u**3 + 8*u**2 + 8*u - 2. Suppose 4*n + 15 = 7*n. Suppose 0*o - 1 = -4*o - n*i, -o + 9 = 3*i. Calculate g(o).
22
Let n(o) = 2*o**3 - o**2 - o + 1. Suppose 0 = 2*k + 13*k + 4620. Let x be (-10)/(-8) - 11/k*-7. What is n(x)?
1
Let s(j) = 20789*j - 41537*j + 20777*j - 1398. Calculate s(48).
-6
Let d(m) = -83*m - 2 - 5*m**2 + 3*m**2 + 78*m. What is d(-2)?
0
Suppose -3*a + 8 = -7*a. Let c(g) be the first derivative of 59 + 1/4*g**4 + 1/3*g**3 + 0*g + 1/2*g**2. Give c(a).
-6
Let k = 7532 + -7516. Let n(w) = -11*w + 175. What is n(k)?
-1
Let r(c) = -c + 8. Let n(h) = h**2 - 15*h. Let u be n(15). Let y = 134 - 137. Let o be 8 + ((u - 1) + y)/2. Calculate r(o).
2
Suppose 2 = 3*u - 4*u - 2*i, 3*i = 0. Let h(g) = 72*g. Let y(d) = 16*d. Let c(l) = 3*h(l) - 14*y(l). Determine c(u).
16
Let p(l) = 3*l + 3. Suppose 0 = -5*g + 15*f - 17*f + 7, -2*g + 2*f = 0. Suppose 3*a + 4*y - 2 = g, 0 = -a + 4*y - 15. What is p(a)?
-6
Let o(a) = a**3 + 6*a**2 + 6. Let b be o(-6). Suppose -2*s - z = -0*z - 10, 0 = -5*s + 5*z - 5. Let t(n) = -80*n + 72*n - 3*n**2 + s + 4*n**2. Calculate t(b).
-9
Let i be -4 - -1*(1 - -1). Let x(p) be the first derivative of -p**5/30 - p**4/24 - 16*p**3/3 + 9. Let k(h) be the third derivative of x(h). Determine k(i).
7
Let w = -34 - -39. Suppose w*v + 0 = -5*s + 35, 0 = v + 4*s - 22. Let k(l) = -5*l**2 + 3*l**2 + 2*l**2 - l**v + 2 - 2*l. What is k(-4)?
-6
Let j(o) be the first derivative of o**5/60 - o**4/6 + 43*o**2 + 159. Let m(l) be the second derivative of j(l). Give m(5).
5
Let r(b) = b**3 - 12*b**2 + 13*b + 13. Let p = 881 - 870. Calculate r(p).
35
Let c = -2745 + 2748. Let t(n) be the third derivative of -n**6/120 - n**5/60 + n**4/12 + n**3/6 + 7*n**2. Give t(c).
-29
Let q(i) = -7*i**2 + 21*i + 49. Let y(h) = 5*h**2 - 21*h - 44. Let n(p) = 2*q(p) + 3*y(p). Give n(22).
-12
Suppose -610*n = -918*n + 924. Let t(w) = 7 - w + 2*w - 2*w. What is t(n)?
4
Let f(h) = 2*h + 4*h**2 - 8*h - 3*h**2 + 6. Suppose 11*u = 21*u - 120. Suppose 3*j = -q + u, j + 85*q - 87*q - 11 = 0. Determine f(j).
1
Let h(z) be the third derivative of -1/40*z**5 - 1/8*z**4 + 0*z - 23/6*z**3 - 20*z**2 + 0 - 1/120*z**6. Let g(d) be the first derivative of h(d). What is g(-3)?
-21
Let m(q) be the third derivative of -q**6/120 - 17*q**5/30 - 11*q**4/8 + 17*q**3/6 + 13*q**2 + 2*q - 57. Calculate m(-33).
17
Let k(l) = 2*l**3 - 22*l**2 + 45*l + 16. Let z(p) = 114*p + 2858. Let v be z(-25). Calculate k(v).
-8
Let w(i) = 3*i - 7*i - 3*i**2 + 4*i**2 + 2. Suppose 2 = n, 0*r + 3*n = -3*r + 30. Suppose -r - 102 = -22*o. Give w(o).
7
Let i = 466 + -454. Let n(l) = -l**2 + i*l - 4*l + 2*l - 5*l + 2*l. What is n(6)?
6
Let f(x) = -21*x**2 - 25*x + 122. Let q(y) = -5*y**2 - y + 7. Let m(z) = -f(z) + 4*q(z). Give m(-25).
6
Let u(v) = 404*v - 72312. Let h be u(179). Let o(p) be the first derivative of 1/4*p**4 - p**2 - 4/3*p**3 - 1 - 3*p. Determine o(h).
-11
Let j be ((-7)/(35/(-2)))/(1/(-230)). Let v = -85 - j. Let u(o) = o**3 + o**2 + o**2 - 7*o**2 - 7 - 2*o**2. Determine u(v).
-7
Let i(u) be the first derivative of 4*u - 3*u**2 + 5/3*u**3 - 6 - 1/4*u**4. What is i(4)?
-4
Suppose 0 = 10*q + 4 - 34. Let t(o) be the third derivative of 0*o + 0 - 2/3*o**3 + 1/8*o**4 + 4*o**2. What is t(q)?
5
Suppose -2 = -2*y + 2*q, 7*y - 4*y + 3*q = 15. Let a(p) = 2 - 10*p + 7 + y*p + 6*p. Calculate a(0).
9
Suppose 11 + 139 = -10*f. Let x be 2 + (2 - (-2 - 20)). Let d = x + f. Let b(t) = -t**2 + 10*t + 16. What is b(d)?
5
Let a(z) = z**2 - 2*z - 5. Let f = 185 + -161. Su